39
What is the remainder when 18057 is divided by 232?
193
What is the remainder when 2535 is divided by 57?
27
What is the remainder when 38109 is divided by 8?
5
Calculate the remainder when 13279 is divided by 13253.
26
What is the remainder when 10982 is divided by 2745?
2
Calculate the remainder when 7265 is divided by 33.
5
What is the remainder when 3867 is divided by 619?
153
Calculate the remainder when 2815 is divided by 2761.
54
Calculate the remainder when 11245 is divided by 74.
71
Calculate the remainder when 132729 is divided by 819.
51
Calculate the remainder when 6800 is divided by 706.
446
Calculate the remainder when 41 is divided by 21.
20
What is the remainder when 147544 is divided by 35?
19
Calculate the remainder when 9199 is divided by 92.
91
Calculate the remainder when 18960 is divided by 474.
0
Calculate the remainder when 1521 is divided by 71.
30
Calculate the remainder when 3761 is divided by 340.
21
What is the remainder when 105043 is divided by 361?
353
What is the remainder when 17381 is divided by 668?
13
What is the remainder when 426441 is divided by 71072?
9
Calculate the remainder when 62378 is divided by 10.
8
Calculate the remainder when 38808 is divided by 813.
597
What is the remainder when 1035 is divided by 161?
69
Calculate the remainder when 60774 is divided by 86.
58
Calculate the remainder when 75380 is divided by 992.
980
Calculate the remainder when 35361 is divided by 36.
9
What is the remainder when 318673 is divided by 25?
23
What is the remainder when 80317 is divided by 372?
337
What is the remainder when 415 is divided by 204?
7
Calculate the remainder when 4776 is divided by 344.
304
What is the remainder when 1278 is divided by 40?
38
What is the remainder when 6157 is divided by 26?
21
What is the remainder when 360 is divided by 177?
6
Calculate the remainder when 2228 is divided by 338.
200
Calculate the remainder when 469 is divided by 62.
35
Calculate the remainder when 3459 is divided by 182.
1
Calculate the remainder when 1435 is divided by 274.
65
Calculate the remainder when 21085 is divided by 966.
799
Calculate the remainder when 256 is divided by 118.
20
What is the remainder when 21764 is divided by 33?
17
What is the remainder when 3813 is divided by 40?
13
Calculate the remainder when 4552 is divided by 152.
144
What is the remainder when 2463 is divided by 757?
192
What is the remainder when 3672 is divided by 49?
46
Calculate the remainder when 5407 is divided by 43.
32
Calculate the remainder when 5574 is divided by 398.
2
Calculate the remainder when 175262 is divided by 113.
112
What is the remainder when 3255053 is divided by 112?
109
What is the remainder when 196220 is divided by 584?
580
Calculate the remainder when 173449 is divided by 326.
17
What is the remainder when 86820 is divided by 924?
888
What is the remainder when 4728 is divided by 4721?
7
What is the remainder when 100103 is divided by 97?
96
What is the remainder when 8877 is divided by 80?
77
What is the remainder when 3723 is divided by 117?
96
What is the remainder when 787863 is divided by 13?
11
Calculate the remainder when 1185 is divided by 50.
35
What is the remainder when 17405 is divided by 256?
253
Calculate the remainder when 1729 is divided by 942.
787
What is the remainder when 19879 is divided by 1325?
4
Calculate the remainder when 1080906 is divided by 23.
21
What is the remainder when 36219 is divided by 4023?
12
What is the remainder when 33643 is divided by 13?
12
What is the remainder when 164635 is divided by 480?
475
Calculate the remainder when 19019 is divided by 423.
407
What is the remainder when 2875 is divided by 148?
63
What is the remainder when 8326 is divided by 4123?
80
Calculate the remainder when 4479 is divided by 427.
209
What is the remainder when 1188 is divided by 689?
499
What is the remainder when 1352 is divided by 445?
17
What is the remainder when 12890 is divided by 12870?
20
Calculate the remainder when 558 is divided by 56.
54
Calculate the remainder when 29608 is divided by 2959.
18
Calculate the remainder when 29517 is divided by 180.
177
What is the remainder when 48817 is divided by 2567?
44
Calculate the remainder when 655 is divided by 220.
215
What is the remainder when 6902 is divided by 227?
92
Calculate the remainder when 6973 is divided by 73.
38
Calculate the remainder when 9565 is divided by 637.
10
What is the remainder when 15216 is divided by 812?
600
Calculate the remainder when 44105 is divided by 945.
635
Calculate the remainder when 102132 is divided by 1064.
1052
Calculate the remainder when 44195 is divided by 58.
57
Calculate the remainder when 282700 is divided by 215.
190
What is the remainder when 690899 is divided by 70?
69
What is the remainder when 686175 is divided by 393?
390
Calculate the remainder when 28838 is divided by 57.
53
Calculate the remainder when 71267 is divided by 94.
15
What is the remainder when 50217 is divided by 25102?
13
What is the remainder when 583792 is divided by 97296?
16
Calculate the remainder when 97800 is divided by 2963.
21
Calculate the remainder when 1002 is divided by 227.
94
What is the remainder when 31246 is divided by 16?
14
What is the remainder when 1022 is divided by 920?
102
Calculate the remainder when 33300 is divided by 16644.
12
Calculate the remainder when 41828 is divided by 1312.
1156
What is the remainder when 5777 is divided by 412?
9
Calculate the remainder when 56713 is divided by 163.
152
Calculate the remainder when 18314 is divided by 85.
39
Calculate the remainder when 6978 is divided by 387.
12
What is the remainder when 103332 is divided by 7380?
12
Calculate the remainder when 62609 is divided by 1334.
1245
What is the remainder when 10249 is divided by 3096?
961
What is the remainder when 330770 is divided by 455?
440
What is the remainder when 83116 is divided by 27680?
76
What is the remainder when 2328280 is divided by 1069?
1067
Calculate the remainder when 86499 is divided by 105.
84
Calculate the remainder when 1537 is divided by 28.
25
Calculate the remainder when 210962 is divided by 443.
94
Calculate the remainder when 3688 is divided by 100.
88
Calculate the remainder when 13835 is divided by 531.
29
What is the remainder when 2807502 is divided by 392?
390
What is the remainder when 307378 is divided by 47?
45
Calculate the remainder when 10711 is divided by 9698.
1013
Calculate the remainder when 2824 is divided by 876.
196
What is the remainder when 628622 is divided by 209528?
38
What is the remainder when 598218 is divided by 363?
357
Calculate the remainder when 166798 is divided by 507.
502
Calculate the remainder when 34754 is divided by 11574.
32
What is the remainder when 1458 is divided by 152?
90
What is the remainder when 112804 is divided by 757?
11
What is the remainder when 208511 is divided by 1829?
5
What is the remainder when 47524 is divided by 1219?
1202
What is the remainder when 3444 is divided by 38?
24
What is the remainder when 139901 is divided by 69945?
11
Calculate the remainder when 711 is divided by 142.
1
What is the remainder when 291650 is divided by 89?
86
What is the remainder when 1059 is divided by 46?
1
Calculate the remainder when 183243 is divided by 61058.
69
What is the remainder when 3009 is divided by 334?
3
What is the remainder when 921 is divided by 197?
133
What is the remainder when 3903 is divided by 425?
78
Calculate the remainder when 482778 is divided by 482763.
15
Calculate the remainder when 6818 is divided by 99.
86
What is the remainder when 197396 is divided by 862?
860
Calculate the remainder when 1717 is divided by 817.
83
What is the remainder when 39479 is divided by 140?
139
Calculate the remainder when 16693 is divided by 105.
103
What is the remainder when 21216 is divided by 1630?
26
What is the remainder when 10159 is divided by 3354?
97
Calculate the remainder when 19712 is divided by 19689.
23
What is the remainder when 52707 is divided by 83?
2
What is the remainder when 9296 is divided by 446?
376
Calculate the remainder when 1403 is divided by 55.
28
What is the remainder when 32441 is divided by 315?
311
What is the remainder when 23836 is divided by 291?
265
What is th